divided by 726541.
142
What is the remainder when 62350195 is divided by 51?
43
Calculate the remainder when 119520875 is divided by 1052.
1051
Calculate the remainder when 37840 is divided by 221.
49
What is the remainder when 126555 is divided by 1562?
33
What is the remainder when 287915 is divided by 4815?
3830
Calculate the remainder when 1112930 is divided by 2618.
280
What is the remainder when 10830033 is divided by 6773?
6
What is the remainder when 2191092 is divided by 1884?
0
What is the remainder when 27568962 is divided by 294?
288
Calculate the remainder when 325166 is divided by 5419.
26
Calculate the remainder when 992822 is divided by 70781.
1888
Calculate the remainder when 4337 is divided by 514.
225
Calculate the remainder when 50391 is divided by 129.
81
What is the remainder when 22638646 is divided by 288?
118
What is the remainder when 618429 is divided by 342?
93
What is the remainder when 203214 is divided by 67737?
3
What is the remainder when 13438974 is divided by 1510?
1484
What is the remainder when 5273763 is divided by 7?
5
What is the remainder when 3385112 is divided by 931?
927
What is the remainder when 44174 is divided by 81?
29
Calculate the remainder when 21239791 is divided by 307.
303
What is the remainder when 2772739 is divided by 126?
109
Calculate the remainder when 114354 is divided by 48.
18
Calculate the remainder when 255767 is divided by 268.
95
Calculate the remainder when 352061 is divided by 1271.
1265
What is the remainder when 332999 is divided by 22174?
389
What is the remainder when 7170649 is divided by 1043?
24
What is the remainder when 33568539 is divided by 7115?
7084
What is the remainder when 3893046 is divided by 38545?
1
What is the remainder when 11786216 is divided by 2399?
2328
What is the remainder when 62892 is divided by 10334?
888
What is the remainder when 5481266 is divided by 95?
51
Calculate the remainder when 156435 is divided by 191.
6
Calculate the remainder when 590496 is divided by 5321.
5186
What is the remainder when 594074 is divided by 93?
83
Calculate the remainder when 6232 is divided by 5163.
1069
What is the remainder when 1711972 is divided by 10767?
19
Calculate the remainder when 275932 is divided by 3630.
52
Calculate the remainder when 4725577 is divided by 78.
25
What is the remainder when 628128 is divided by 763?
179
What is the remainder when 15346384 is divided by 47808?
16
What is the remainder when 60466 is divided by 1752?
898
What is the remainder when 1433916 is divided by 18139?
935
Calculate the remainder when 1197539 is divided by 598122.
1295
What is the remainder when 4433686 is divided by 300?
286
Calculate the remainder when 77855 is divided by 472.
447
Calculate the remainder when 3722116 is divided by 7.
6
Calculate the remainder when 315387 is divided by 1350.
837
What is the remainder when 79419824 is divided by 38?
14
What is the remainder when 2324024 is divided by 283?
28
Calculate the remainder when 7732861 is divided by 35.
31
What is the remainder when 1635059 is divided by 407?
140
What is the remainder when 151536460 is divided by 77?
75
What is the remainder when 283776 is divided by 28230?
1476
Calculate the remainder when 6615393 is divided by 301.
15
Calculate the remainder when 3588253 is divided by 605.
603
What is the remainder when 7668 is divided by 87?
12
Calculate the remainder when 2107030 is divided by 3099.
2809
What is the remainder when 16710 is divided by 616?
78
What is the remainder when 103776 is divided by 178?
2
What is the remainder when 310239 is divided by 2041?
7
Calculate the remainder when 4807487 is divided by 1201860.
47
What is the remainder when 815364 is divided by 6471?
18
What is the remainder when 1953180 is divided by 325527?
18
Calculate the remainder when 34380 is divided by 4494.
2922
What is the remainder when 997980 is divided by 45362?
16
What is the remainder when 564078173 is divided by 362?
361
Calculate the remainder when 1467287 is divided by 366649.
691
Calculate the remainder when 1733952 is divided by 978.
936
Calculate the remainder when 3137 is divided by 1021.
74
What is the remainder when 36331 is divided by 8730?
1411
What is the remainder when 1475471 is divided by 798?
767
What is the remainder when 4795650 is divided by 5179?
5075
What is the remainder when 37555802 is divided by 4445?
4442
Calculate the remainder when 929369 is divided by 1463.
364
What is the remainder when 234913 is divided by 15657?
58
Calculate the remainder when 383405072 is divided by 11.
6
Calculate the remainder when 99137717 is divided by 261.
260
What is the remainder when 810015656 is divided by 10?
6
What is the remainder when 571158 is divided by 1168?
6
What is the remainder when 90079 is divided by 105?
94
Calculate the remainder when 298334510 is divided by 1307.
1304
Calculate the remainder when 128140053 is divided by 208.
197
Calculate the remainder when 61619 is divided by 1500.
119
What is the remainder when 945825 is divided by 282?
279
Calculate the remainder when 22296 is divided by 11100.
96
What is the remainder when 40874 is divided by 112?
106
What is the remainder when 119128 is divided by 300?
28
Calculate the remainder when 245297 is divided by 61304.
81
Calculate the remainder when 36982 is divided by 1998.
1018
Calculate the remainder when 46771 is divided by 1926.
547
Calculate the remainder when 438705 is divided by 4483.
3854
Calculate the remainder when 1192647 is divided by 22.
5
Calculate the remainder when 50907 is divided by 49720.
1187
Calculate the remainder when 1348407 is divided by 79318.
1
What is the remainder when 140084 is divided by 140081?
3
Calculate the remainder when 37055 is divided by 29788.
7267
What is the remainder when 738520 is divided by 10257?
16
Calculate the remainder when 119674 is divided by 119439.
235
Calculate the remainder when 1913968 is divided by 637987.
7
What is the remainder when 842736 is divided by 6731?
1361
Calculate the remainder when 221401 is divided by 839.
744
What is the remainder when 4384262 is divided by 730708?
14
Calculate the remainder when 25840 is divided by 482.
294
What is the remainder when 126569 is divided by 24396?
4589
What is the remainder when 293570 is divided by 196?
158
What is the remainder when 4190591 is divided by 97?
94
Calculate the remainder when 432718 is divided by 589.
392
What is the remainder when 377218308 is divided by 13?
12
Calculate the remainder when 4403252 is divided by 2916.
92
What is the remainder when 156330 is divided by 19488?
426
What is the remainder when 19592 is divided by 17533?
2059
What is the remainder when 1945262 is divided by 486313?
10
Calculate the remainder when 6167503 is divided by 34455.
58
Calculate the remainder when 173345 is divided by 2937.
62
What is the remainder when 57538087 is divided by 50472?
7
Calculate the remainder when 518778 is divided by 226.
108
What is the remainder when 39726 is divided by 1504?
622
What is the remainder when 3956229 is divided by 1749?
1740
What is the remainder when 110300 is divided by 264?
212
What is the remainder when 35851889 is divided by 218?
45
Calculate the remainder when 1671083 is divided by 2472.
11
Calculate the remainder when 8659 is divided by 41.
8
Calculate the remainder when 40237 is divided by 1136.
477
What is the remainder when 576965432 is divided by 5714?
5710
Calculate the remainder when 2855002 is divided by 2032.
42
What is the remainder when 8744895 is divided by 912?
639
What is the remainder when 405106 is divided by 974?
896
What is the remainder when 20744083 is divided by 10372027?
29
What is the remainder when 2138421 is divided by 113?
9
What is the remainder when 567877 is divided by 545?
532
Calculate the remainder when 4639034 is divided by 185560.
34
Calculate the remainder when 2191731 is divided by 7.
3
What is the remainder when 11221589 is divided by 1364?
1325
What is the remainder when 196823 is divided by 16399?
35
What is the remainder when 594210 is divided by 1312?
1186
Calculate the remainder when 6360537 is divided by 389.
387
Calculate the remainder when 8239184 is divided by 1814.
1810
Calculate the remainder when 152356577 is divided by 152356576.
1
